5205836913 a composite number?
True
Is 1078391473 a prime number?
True
Is 36957067559 prime?
True
Is 31894768739 a prime number?
False
Is 8680023241 a prime number?
False
Is 4850701519 prime?
True
Is 6700203319 prime?
False
Is 4022726863 a composite number?
True
Is 499263851 composite?
False
Is 48399024243 a composite number?
True
Is 139878643 prime?
True
Is 24690783317 a composite number?
False
Is 369800911 a prime number?
False
Is 63677438369 a prime number?
True
Is 5103487759 composite?
False
Is 170998109 composite?
True
Is 20675191493 a prime number?
False
Is 118420447 a prime number?
False
Is 1568054357 prime?
True
Is 476917663 prime?
True
Is 467668549 a composite number?
True
Is 240635081 a prime number?
True
Is 6298676773 prime?
True
Is 416098159 composite?
False
Is 1243428083 composite?
False
Is 447211159 a composite number?
False
Is 1495665767 a prime number?
True
Is 1456407839 a composite number?
False
Is 8472331261 composite?
False
Is 8663723647 prime?
True
Is 5808625181 a prime number?
True
Is 14049044123 a prime number?
True
Is 24024281923 composite?
False
Is 171357321955 composite?
True
Is 65439677 a composite number?
False
Is 140013271 composite?
False
Is 15813856021 composite?
True
Is 6136328771 a prime number?
True
Is 4735608277 a prime number?
True
Is 125719247645 composite?
True
Is 30100143553 a composite number?
False
Is 167397991 a composite number?
True
Is 253651471 prime?
True
Is 17443632721 composite?
True
Is 1173513799 prime?
True
Is 15177906491 a composite number?
True
Is 4426301357 a composite number?
False
Is 35581675531 composite?
False
Is 3874890905 prime?
False
Is 93290999 a composite number?
True
Is 3461614553 a composite number?
True
Is 8468370605 prime?
False
Is 1021273573 a composite number?
True
Is 40076527 a composite number?
False
Is 2649013403 prime?
False
Is 4265983693 a prime number?
True
Is 14867943 a prime number?
False
Is 81230014213 a prime number?
False
Is 338410603 composite?
False
Is 102599781617 composite?
False
Is 445146059 a prime number?
True
Is 35332615 a composite number?
True
Is 607565317 a prime number?
True
Is 96935280281 prime?
False
Is 2177369357 prime?
True
Is 98572789 composite?
True
Is 451620761 composite?
False
Is 306490321 a composite number?
False
Is 6124282834 composite?
True
Is 56839181401 a composite number?
False
Is 1622712241 prime?
False
Is 18745800071 prime?
False
Is 13532997833 prime?
False
Is 86742701129 composite?
True
Is 2712488381 prime?
True
Is 14552351717 composite?
True
Is 20957208293 composite?
True
Is 2708855239 a composite number?
False
Is 23090109799 composite?
False
Is 459889721 composite?
False
Is 5956992123 a prime number?
False
Is 75964957 prime?
False
Is 2692635677 a prime number?
True
Is 2683852837 prime?
False
Is 57718925749 a composite number?
True
Is 29346059273 prime?
True
Is 12142751 a prime number?
False
Is 1996708991 prime?
True
Is 783694097 prime?
True
Is 74148180377 prime?
True
Is 508661983 prime?
True
Is 135604249757 a prime number?
False
Is 692857583 prime?
False
Is 9754843619 prime?
True
Is 7914726563 a composite number?
True
Is 34342553249 a composite number?
False
Is 2959138933 a prime number?
True
Is 38019868027 a prime number?
True
Is 150280825883 composite?
False
Is 5153794133 a composite number?
False
Is 44311880687 a composite number?
True
Is 28171909979 prime?
True
Is 1599821753 a prime number?
False
Is 3371797277 composite?
True
Is 28151218094 composite?
True
Is 12628012594 a composite number?
True
Is 340936689011 composite?
False
Is 17150311277 prime?
False
Is 318820241 a composite number?
False
Is 77891201639 prime?
False
Is 9244303 composite?
True
Is 16363094479 a prime number?
False
Is 367575979 a composite number?
False
Is 894562403 a prime number?
False
Is 456528029 a prime number?
False
Is 12558134809 a composite number?
True
Is 16770039911 composite?
False
Is 26120759757 a prime number?
False
Is 7443676859 a composite number?
False
Is 408264029 a composite number?
False
Is 1814202469 composite?
True
Is 4658838179 a composite number?
False
Is 9416279911 a prime number?
True
Is 2267147405 composite?
True
Is 3949826037 composite?
True
Is 1026930209 prime?
True
Is 59251873249 prime?
True
Is 1527976973 prime?
True
Is 3720099083 a prime number?
True
Is 1136992817 a composite number?
False
Is 2800002341 prime?
False
Is 521915477 a composite number?
False
Is 8108859119 a composite number?
False
Is 74939692019 a prime number?
False
Is 2618533009 composite?
False
Is 1247919059 a composite number?
False
Is 1437519353 prime?
True
Is 14034820561 prime?
False
Is 544299913 composite?
True
Is 2455787 composite?
True
Is 587938367 prime?
True
Is 8697337061 composite?
True
Is 602589431 a prime number?
False
Is 58678946141 composite?
False
Is 1573468361 prime?
True
Is 13107050791 prime?
True
Is 1084781927 a prime number?
True
Is 2335779863 composite?
False
Is 145020023 composite?
True
Is 72809984939 a composite number?
False
Is 902032787 a prime number?
True
Is 2096671441 a composite number?
True
Is 1359747799 prime?
True
Is 721170377 composite?
False
Is 1962948709 prime?
False
Is 1037192441 composite?
False
Is 33186169477 prime?
True
Is 197442057221 prime?
False
Is 6577756099 prime?
True
Is 15299508019 prime?
True
Is 652758215 a composite number?
True
Is 1734135751 composite?
False
Is 269114279 a composite number?
True
Is 131471687 a composite number?
False
Is 135026411 prime?
False
Is 34997045539 a composite number?
False
Is 18651192739 a composite number?
True
Is 403075847 a composite number?
False
Is 1840828007 a composite number?
False
Is 6830140943 a prime number?
True
Is 7859842439 prime?
True
Is 28277255789 prime?
True
Is 57495787903 a prime number?
True
Is 68734339255 composite?
True
Is 1106826367 composite?
False
Is 1631779987 a composite number?
False
Is 2404032791 prime?
True
Is 38615214409 a prime number?
True
Is 4321405969 prime?
False
Is 5242334359 a prime number?
False
Is 62250497063 a composite number?
False
Is 124738947037 a prime number?
True
Is 16426498541 composite?
False
Is 94708762711 prime?
False
Is 6475151773 prime?
False
Is 104860633 composite?
False
Is 107557481 a composite number?
False
Is 2997773527 a prime number?
False
Is 57935049331 composite?
False
Is 76425577 prime?
False
Is 307613519 a prime number?
False
Is 109064650427 a composite number?
True
Is 1556727643 prime?
False
Is 21908268821 a composite number?
True
Is 6321281377 a composite number?
True
Is 463574911 composite?
False
Is 292931719 a composite number?
True
Is 180865504055 a prime number?
False
Is 1418678819 prime?
True
Is 2287871419 composite?
False
Is 207660359 a composite number?
True
Is 5019736391 a composite number?
False
Is 33592630927 prime?
True
Is 960567173 prime?
False
Is 63116520421 composite?
True
Is 6111089597 a composite number?
False
Is 1144599011 composite?
False
Is 68232451717 a composite number?
False
Is 1694751197 a prime number?
True
Is 15221425409 prime?
False
Is 38517012481 composite?
True
Is 2327574281 composite?
True
Is 17924752959 prime?
False
Is 27233529121 a prime number?
True
Is 161592619 a composite number?
False
Is 39477468161 a prime number?
False
Is 9848200949 prime?
True
Is 20768299327 a prime number?
True
Is 3139280623 composite?
True
Is 636421003 a composite number?
True
Is 2768719 a prime number?
False
Is 10007115409 prime?
True
Is 96495071065 a composite number?
True
Is 10260562369 composite?
True
Is 30410801023 composite?
False
Is 957567089 a composite number?
True
Is 805033297 composite?
False
Is 9386559059 a prime number?
False
Is 9030152009 composite?
False
Is 6050456989 a prime number?
False
Is 1787404987 composite?
True
Is 178042713559 a prime number?
False
Is 6104771617 composite?
True
Is 3548671453 a composite number?
False
Is 142699481009 a prime number?
True
Is 96628157 prime?
True
Is 27277899449 composite?
False
Is 375750647 a composite number?
True
Is 8076620543 a composite number?
True
Is 226182379 a composite number?
True
Is 63213853921 prime?
True
Is 694822771 a prime number?
True
Is 2733883591 a prime number?
True
Is 39355764379 composite?
True
Is 143841617 a composite number?
True
Is 2433391969 a composite number?
False
Is 10678896119 a composite number?
False
Is 991552063 composite?
True
Is 132